{"id":149,"date":"2015-12-30T20:41:04","date_gmt":"2015-12-30T20:41:04","guid":{"rendered":"http:\/\/xyzhome.space\/bobethomas\/?page_id=149"},"modified":"2020-07-08T16:18:41","modified_gmt":"2020-07-08T15:18:41","slug":"choreografie","status":"publish","type":"page","link":"https:\/\/hostme123.vip\/Bobethomas\/index-homepage\/choreografie\/","title":{"rendered":"Choreografie"},"content":{"rendered":"<body><p><\/p><span style=\"font-size: 24pt;\">Musical Theater Choreograf -Choreographer<\/span>\n<p><a href=\"https:\/\/www.youtube.com\/watch?v=yMQuC2m_BqQ&amp;list=PLp2pJCVtXbKXXb0YZEmupBRv4E38u2eqU\" target=\"_blank\" rel=\"noopener noreferrer\">-&gt;&gt;&gt; Bob e Choreografie Videos auf Youtube &lt;&lt;&lt;-<\/a><\/p>\n<p><strong><a href=\"https:\/\/i0.wp.com\/hostme123.vip\/Bobethomas\/wp-content\/uploads\/2015\/12\/ClaraMaid-DSC02298.jpg?ssl=1\"><img data-recalc-dims=\"1\" decoding=\"async\" class=\"wp-image-345 size-medium alignright lazyload\" data-src=\"https:\/\/i0.wp.com\/hostme123.vip\/Bobethomas\/wp-content\/uploads\/2015\/12\/ClaraMaid-DSC02298.jpg?resize=300%2C225&#038;ssl=1\" alt=\"\" width=\"300\" height=\"225\" data-srcset=\"https:\/\/i0.wp.com\/hostme123.vip\/Bobethomas\/wp-content\/uploads\/2015\/12\/ClaraMaid-DSC02298.jpg?resize=300%2C225&amp;ssl=1 300w, https:\/\/i0.wp.com\/hostme123.vip\/Bobethomas\/wp-content\/uploads\/2015\/12\/ClaraMaid-DSC02298.jpg?resize=768%2C576&amp;ssl=1 768w, https:\/\/i0.wp.com\/hostme123.vip\/Bobethomas\/wp-content\/uploads\/2015\/12\/ClaraMaid-DSC02298.jpg?resize=1024%2C768&amp;ssl=1 1024w, https:\/\/i0.wp.com\/hostme123.vip\/Bobethomas\/wp-content\/uploads\/2015\/12\/ClaraMaid-DSC02298.jpg?w=2048&amp;ssl=1 2048w\" data-sizes=\"auto, (max-width: 300px) 100vw, 300px\" src=\"data:image\/svg+xml;base64,PHN2ZyB3aWR0aD0iMSIgaGVpZ2h0PSIxIiB4bWxucz0iaHR0cDovL3d3dy53My5vcmcvMjAwMC9zdmciPjwvc3ZnPg==\" style=\"--smush-placeholder-width: 300px; --smush-placeholder-aspect-ratio: 300\/225;\" \/><\/a>Spezialit\u00e4ten<\/strong>:<br>\nSt\u00fccke f\u00fcr gro\u00dfe Ensembles<br>\nStepptanz<br>\nAmerikanische Tanzstile aus den 1920-1980 Jahren<\/p>\n<p><strong>Musical Theater \u2013 Komplettchoreographie der St\u00fccke:<\/strong><br>\nAnything Goes Boston, USA<br>\nOn Your Toes Boston, USA<\/p>\n<p><strong>Einzelchoreographien in den USA mit:<\/strong><br>\nBoston Pops Orchestra<br>\nHouston Symphony<br>\nSan Antonio Symphony<br>\nNew Mexico Symphony<br>\nJacksonville Symphony<br>\nArtie Shaw Big Band Orchestra (Asia Tour)<br>\n\u201cClaras Dream: A Jazz Nutcracker\u201d (New England, NYC Tours)<br>\n\u201cMusic Hall Follies in 9 Acts\u201d\u00a0\u2013 Variet\u00e9, New England, USA<\/p>\n<p>\u00a0<\/p>\n<p><span style=\"font-size: 18pt;\"><strong>Choreograf -Choreographer<\/strong><\/span><\/p>\n<p><strong>\u201cAnything Goes\u201d\u00a0\u00a0(2004)<\/strong><br>\nChoreographer of entire musical. Boston College, Boston, MA.<\/p>\n<p><strong>\u201cClara\u2019s Dream: A Jazz Nutcracker\u201d\u00a0\u00a0(2000 \u2013 2006)<\/strong><br>\nChoreographer of Finales: Act I &amp; Act II. Various solos. Also danced role of Drosselmyer in professional cast touring show. New York, New England, New Jersey.<\/p>\n<p><strong>\u201cOn Your Toes\u201d\u00a0\u00a0(2004)<\/strong><br>\nChoreographer of entire musical. Dean College School of Dance, USA.<\/p>\n<p><strong>Houston Symphony <\/strong><strong>(2005; 2004)<\/strong><br>\nChoreographer and dancer \u201cSteppin\u2019 Out With The Kamikaze Jitterbugs\u201d, May 2004. Choreographer and featured solo performer \u201cMarch Madness with Michael Krajewski\u201d, March 2005. Standing ovations, average audiences of 2,000 people per night.<\/p>\n<p><strong>Mohegan Sun Casino\u00a0(2004)<\/strong><br>\nChoreographer and dancer, New Year\u2019s Eve Casino \u201cBig Rollers\u201d Show. Connecticut, USA.<\/p>\n<p><strong>New Mexico Symphony\u00a0(2004)<\/strong><br>\nChoreographer and dancer in the show \u201cAn Evening with the Kamikaze Jitterbugs\u201d. Standing ovations, average audiences of 2,000 people per night.<\/p>\n<p><strong>Jacksonville Orchestra \u00a0(2004)<\/strong><br>\nChoreographer and dancer in the show \u201cAn Evening with the Kamikaze Jitterbugs\u201d. Standing ovations, average audiences of 2,000 people per night.<\/p>\n<p><strong>The Kamikaze Jitterbugs <\/strong><strong>(1993-2004)<\/strong><br>\nChoreographer and director, professional dance company. Over 500 shows with symphony orchestras, performances on television, various tours in USA, Canada, Asia, Europe.<\/p>\n<p><strong>San Antonio Symphony (2003)<\/strong><br>\nChoreographer and dancer in the show \u201cAn Evening with the Kamikaze Jitterbugs\u201d. Standing ovations, average audiences of 2,000 people per night.<\/p>\n<p><strong>Boston Pops Orchestra\u00a0(1995)<\/strong><br>\nChoreographer and dancer in 4th of July Esplanade concert, Keith Lockhart, conductor, Boston, USA. A live audience of 325,000 plus a national television broadcast.<\/p>\n<p><strong>Yo-Yo Ma, cellist\u00a0(1998)<\/strong><br>\nChoreographer and dancer with Tango Connection Orchestra. Benefit concert.\u00a0 Boston, USA.<\/p>\n<p><strong>Artie Shaw Orchestra\u00a0(1994)<\/strong><br>\nChoreographer and dancer, Asian Tour in concert halls. Hong Kong, China and Taiwan.<\/p>\n<p><strong>Illinois Jacquet Big Band\u00a0(1992)<\/strong><br>\nChoreographer and dancer, Newport Jazz Festival. USA.<\/p>\n<\/body>","protected":false},"excerpt":{"rendered":"<p>Musical Theater Choreograf -Choreographer -&gt;&gt;&gt; Bob e Choreografie Videos auf Youtube &lt;&lt;&lt;- Spezialit\u00e4ten: St\u00fccke f\u00fcr gro\u00dfe Ensembles Stepptanz Amerikanische Tanzstile aus den 1920-1980 Jahren Musical Theater \u2013 Komplettchoreographie der St\u00fccke: Anything Goes Boston, USA On Your Toes Boston, USA Einzelchoreographien in den USA mit: Boston Pops Orchestra Houston Symphony San Antonio Symphony New Mexico Symphony Jacksonville Symphony Artie Shaw Big Band Orchestra (Asia Tour) \u201cClaras [&hellip;]<\/p>\n","protected":false},"author":1,"featured_media":0,"parent":2,"menu_order":0,"comment_status":"closed","ping_status":"closed","template":"fullwidth.php","meta":{"jetpack_post_was_ever_published":false,"footnotes":""},"class_list":["post-149","page","type-page","status-publish","hentry"],"yoast_head":"<!-- This site is optimized with the Yoast SEO plugin v26.5 - https:\/\/yoast.com\/wordpress\/plugins\/seo\/ -->\n<title>Choreografie - Bob e Thomas<\/title>\n<meta name=\"robots\" content=\"index, follow, max-snippet:-1, max-image-preview:large, max-video-preview:-1\" \/>\n<link rel=\"canonical\" href=\"https:\/\/hostme123.vip\/Bobethomas\/index-homepage\/choreografie\/\" \/>\n<meta property=\"og:locale\" content=\"en_US\" \/>\n<meta property=\"og:type\" content=\"article\" \/>\n<meta property=\"og:title\" content=\"Choreografie - Bob e Thomas\" \/>\n<meta property=\"og:description\" content=\"Musical Theater Choreograf -Choreographer -&gt;&gt;&gt; Bob e Choreografie Videos auf Youtube &lt;&lt;&lt;- Spezialit\u00e4ten: St\u00fccke f\u00fcr gro\u00dfe Ensembles Stepptanz Amerikanische Tanzstile aus den 1920-1980 Jahren Musical Theater \u2013 Komplettchoreographie der St\u00fccke: Anything Goes Boston, USA On Your Toes Boston, USA Einzelchoreographien in den USA mit: Boston Pops Orchestra Houston Symphony San Antonio Symphony New Mexico Symphony Jacksonville Symphony Artie Shaw Big Band Orchestra (Asia Tour) \u201cClaras [&hellip;]\" \/>\n<meta property=\"og:url\" content=\"https:\/\/hostme123.vip\/Bobethomas\/index-homepage\/choreografie\/\" \/>\n<meta property=\"og:site_name\" content=\"Bob e Thomas\" \/>\n<meta property=\"article:modified_time\" content=\"2020-07-08T15:18:41+00:00\" \/>\n<meta property=\"og:image\" content=\"https:\/\/hostme123.vip\/Bobethomas\/wp-content\/uploads\/2015\/12\/ClaraMaid-DSC02298-300x225.jpg\" \/>\n<meta name=\"twitter:card\" content=\"summary_large_image\" \/>\n<meta name=\"twitter:label1\" content=\"Est. reading time\" \/>\n\t<meta name=\"twitter:data1\" content=\"2 minutes\" \/>\n<script type=\"application\/ld+json\" class=\"yoast-schema-graph\">{\"@context\":\"https:\/\/schema.org\",\"@graph\":[{\"@type\":\"WebPage\",\"@id\":\"https:\/\/hostme123.vip\/Bobethomas\/index-homepage\/choreografie\/\",\"url\":\"https:\/\/hostme123.vip\/Bobethomas\/index-homepage\/choreografie\/\",\"name\":\"Choreografie - Bob e Thomas\",\"isPartOf\":{\"@id\":\"https:\/\/hostme123.vip\/Bobethomas\/#website\"},\"primaryImageOfPage\":{\"@id\":\"https:\/\/hostme123.vip\/Bobethomas\/index-homepage\/choreografie\/#primaryimage\"},\"image\":{\"@id\":\"https:\/\/hostme123.vip\/Bobethomas\/index-homepage\/choreografie\/#primaryimage\"},\"thumbnailUrl\":\"https:\/\/hostme123.vip\/Bobethomas\/wp-content\/uploads\/2015\/12\/ClaraMaid-DSC02298-300x225.jpg\",\"datePublished\":\"2015-12-30T20:41:04+00:00\",\"dateModified\":\"2020-07-08T15:18:41+00:00\",\"breadcrumb\":{\"@id\":\"https:\/\/hostme123.vip\/Bobethomas\/index-homepage\/choreografie\/#breadcrumb\"},\"inLanguage\":\"en-US\",\"potentialAction\":[{\"@type\":\"ReadAction\",\"target\":[\"https:\/\/hostme123.vip\/Bobethomas\/index-homepage\/choreografie\/\"]}]},{\"@type\":\"ImageObject\",\"inLanguage\":\"en-US\",\"@id\":\"https:\/\/hostme123.vip\/Bobethomas\/index-homepage\/choreografie\/#primaryimage\",\"url\":\"https:\/\/i0.wp.com\/hostme123.vip\/Bobethomas\/wp-content\/uploads\/2015\/12\/ClaraMaid-DSC02298.jpg?fit=2048%2C1536&ssl=1\",\"contentUrl\":\"https:\/\/i0.wp.com\/hostme123.vip\/Bobethomas\/wp-content\/uploads\/2015\/12\/ClaraMaid-DSC02298.jpg?fit=2048%2C1536&ssl=1\",\"width\":2048,\"height\":1536},{\"@type\":\"BreadcrumbList\",\"@id\":\"https:\/\/hostme123.vip\/Bobethomas\/index-homepage\/choreografie\/#breadcrumb\",\"itemListElement\":[{\"@type\":\"ListItem\",\"position\":1,\"name\":\"Home\",\"item\":\"https:\/\/hostme123.vip\/Bobethomas\/\"},{\"@type\":\"ListItem\",\"position\":2,\"name\":\"Bob e Thomas\",\"item\":\"https:\/\/hostme123.vip\/Bobethomas\/\"},{\"@type\":\"ListItem\",\"position\":3,\"name\":\"Choreografie\"}]},{\"@type\":\"WebSite\",\"@id\":\"https:\/\/hostme123.vip\/Bobethomas\/#website\",\"url\":\"https:\/\/hostme123.vip\/Bobethomas\/\",\"name\":\"Bob e Thomas\",\"description\":\"Tap Dance, Shows, Workshops, Choreografie\",\"potentialAction\":[{\"@type\":\"SearchAction\",\"target\":{\"@type\":\"EntryPoint\",\"urlTemplate\":\"https:\/\/hostme123.vip\/Bobethomas\/?s={search_term_string}\"},\"query-input\":{\"@type\":\"PropertyValueSpecification\",\"valueRequired\":true,\"valueName\":\"search_term_string\"}}],\"inLanguage\":\"en-US\"}]}<\/script>\n<!-- \/ Yoast SEO plugin. -->","yoast_head_json":{"title":"Choreografie - Bob e Thomas","robots":{"index":"index","follow":"follow","max-snippet":"max-snippet:-1","max-image-preview":"max-image-preview:large","max-video-preview":"max-video-preview:-1"},"canonical":"https:\/\/hostme123.vip\/Bobethomas\/index-homepage\/choreografie\/","og_locale":"en_US","og_type":"article","og_title":"Choreografie - Bob e Thomas","og_description":"Musical Theater Choreograf -Choreographer -&gt;&gt;&gt; Bob e Choreografie Videos auf Youtube &lt;&lt;&lt;- Spezialit\u00e4ten: St\u00fccke f\u00fcr gro\u00dfe Ensembles Stepptanz Amerikanische Tanzstile aus den 1920-1980 Jahren Musical Theater \u2013 Komplettchoreographie der St\u00fccke: Anything Goes Boston, USA On Your Toes Boston, USA Einzelchoreographien in den USA mit: Boston Pops Orchestra Houston Symphony San Antonio Symphony New Mexico Symphony Jacksonville Symphony Artie Shaw Big Band Orchestra (Asia Tour) \u201cClaras [&hellip;]","og_url":"https:\/\/hostme123.vip\/Bobethomas\/index-homepage\/choreografie\/","og_site_name":"Bob e Thomas","article_modified_time":"2020-07-08T15:18:41+00:00","og_image":[{"url":"https:\/\/hostme123.vip\/Bobethomas\/wp-content\/uploads\/2015\/12\/ClaraMaid-DSC02298-300x225.jpg","type":"","width":"","height":""}],"twitter_card":"summary_large_image","twitter_misc":{"Est. reading time":"2 minutes"},"schema":{"@context":"https:\/\/schema.org","@graph":[{"@type":"WebPage","@id":"https:\/\/hostme123.vip\/Bobethomas\/index-homepage\/choreografie\/","url":"https:\/\/hostme123.vip\/Bobethomas\/index-homepage\/choreografie\/","name":"Choreografie - Bob e Thomas","isPartOf":{"@id":"https:\/\/hostme123.vip\/Bobethomas\/#website"},"primaryImageOfPage":{"@id":"https:\/\/hostme123.vip\/Bobethomas\/index-homepage\/choreografie\/#primaryimage"},"image":{"@id":"https:\/\/hostme123.vip\/Bobethomas\/index-homepage\/choreografie\/#primaryimage"},"thumbnailUrl":"https:\/\/hostme123.vip\/Bobethomas\/wp-content\/uploads\/2015\/12\/ClaraMaid-DSC02298-300x225.jpg","datePublished":"2015-12-30T20:41:04+00:00","dateModified":"2020-07-08T15:18:41+00:00","breadcrumb":{"@id":"https:\/\/hostme123.vip\/Bobethomas\/index-homepage\/choreografie\/#breadcrumb"},"inLanguage":"en-US","potentialAction":[{"@type":"ReadAction","target":["https:\/\/hostme123.vip\/Bobethomas\/index-homepage\/choreografie\/"]}]},{"@type":"ImageObject","inLanguage":"en-US","@id":"https:\/\/hostme123.vip\/Bobethomas\/index-homepage\/choreografie\/#primaryimage","url":"https:\/\/i0.wp.com\/hostme123.vip\/Bobethomas\/wp-content\/uploads\/2015\/12\/ClaraMaid-DSC02298.jpg?fit=2048%2C1536&ssl=1","contentUrl":"https:\/\/i0.wp.com\/hostme123.vip\/Bobethomas\/wp-content\/uploads\/2015\/12\/ClaraMaid-DSC02298.jpg?fit=2048%2C1536&ssl=1","width":2048,"height":1536},{"@type":"BreadcrumbList","@id":"https:\/\/hostme123.vip\/Bobethomas\/index-homepage\/choreografie\/#breadcrumb","itemListElement":[{"@type":"ListItem","position":1,"name":"Home","item":"https:\/\/hostme123.vip\/Bobethomas\/"},{"@type":"ListItem","position":2,"name":"Bob e Thomas","item":"https:\/\/hostme123.vip\/Bobethomas\/"},{"@type":"ListItem","position":3,"name":"Choreografie"}]},{"@type":"WebSite","@id":"https:\/\/hostme123.vip\/Bobethomas\/#website","url":"https:\/\/hostme123.vip\/Bobethomas\/","name":"Bob e Thomas","description":"Tap Dance, Shows, Workshops, Choreografie","potentialAction":[{"@type":"SearchAction","target":{"@type":"EntryPoint","urlTemplate":"https:\/\/hostme123.vip\/Bobethomas\/?s={search_term_string}"},"query-input":{"@type":"PropertyValueSpecification","valueRequired":true,"valueName":"search_term_string"}}],"inLanguage":"en-US"}]}},"jetpack_sharing_enabled":true,"jetpack_shortlink":"https:\/\/wp.me\/PcaV4r-2p","_links":{"self":[{"href":"https:\/\/hostme123.vip\/Bobethomas\/wp-json\/wp\/v2\/pages\/149","targetHints":{"allow":["GET"]}}],"collection":[{"href":"https:\/\/hostme123.vip\/Bobethomas\/wp-json\/wp\/v2\/pages"}],"about":[{"href":"https:\/\/hostme123.vip\/Bobethomas\/wp-json\/wp\/v2\/types\/page"}],"author":[{"embeddable":true,"href":"https:\/\/hostme123.vip\/Bobethomas\/wp-json\/wp\/v2\/users\/1"}],"replies":[{"embeddable":true,"href":"https:\/\/hostme123.vip\/Bobethomas\/wp-json\/wp\/v2\/comments?post=149"}],"version-history":[{"count":19,"href":"https:\/\/hostme123.vip\/Bobethomas\/wp-json\/wp\/v2\/pages\/149\/revisions"}],"predecessor-version":[{"id":648,"href":"https:\/\/hostme123.vip\/Bobethomas\/wp-json\/wp\/v2\/pages\/149\/revisions\/648"}],"up":[{"embeddable":true,"href":"https:\/\/hostme123.vip\/Bobethomas\/wp-json\/wp\/v2\/pages\/2"}],"wp:attachment":[{"href":"https:\/\/hostme123.vip\/Bobethomas\/wp-json\/wp\/v2\/media?parent=149"}],"curies":[{"name":"wp","href":"https:\/\/api.w.org\/{rel}","templated":true}]}}