{"id":194,"date":"2016-09-19T14:51:14","date_gmt":"2016-09-19T14:51:14","guid":{"rendered":"http:\/\/www.bobethomas.com\/?page_id=194"},"modified":"2021-01-07T10:20:36","modified_gmt":"2021-01-07T09:20:36","slug":"biografie","status":"publish","type":"page","link":"https:\/\/hostme123.vip\/Bobethomas\/biografie\/","title":{"rendered":"Biografie"},"content":{"rendered":"<body><p><\/p><a href=\"https:\/\/hostme123.vip\/archive_site\/\" target=\"_blank\" rel=\"noopener noreferrer\"><img data-recalc-dims=\"1\" decoding=\"async\" class=\"wp-image-611 size-medium alignright lazyload\" data-src=\"https:\/\/i0.wp.com\/hostme123.vip\/Bobethomas\/wp-content\/uploads\/2020\/07\/Bob-Headshot-N%C3%BCrnberg-Dec2013-ADJ-IMG_1728-268x300.jpg?resize=268%2C300&#038;ssl=1\" alt=\"\" width=\"268\" height=\"300\" src=\"data:image\/svg+xml;base64,PHN2ZyB3aWR0aD0iMSIgaGVpZ2h0PSIxIiB4bWxucz0iaHR0cDovL3d3dy53My5vcmcvMjAwMC9zdmciPjwvc3ZnPg==\" style=\"--smush-placeholder-width: 268px; --smush-placeholder-aspect-ratio: 268\/300;\"><\/a><strong>Bob e Thomas war 30 Jahre in Amerika als T\u00e4nzer und Darsteller t\u00e4tig, bevor er nach Deutschland \u00fcbersiedelte <a href=\"https:\/\/hostme123.vip\/archive_site\/\" target=\"_blank\" rel=\"noopener noreferrer\">(Archiv Webseite)<\/a>\u00a0<\/strong>\n<p>Solide Grundlagen f\u00fcr sein Wirken als K\u00fcnstler geben ihm seine Ausbildung als Musiker \/ Komponist (BMusic Theorie\/Komponieren Wittenberg Univ, USA) sowie als Schriftsteller (MFA Creative Nonfiction Writing, Goucher College, USA). Die Kombination beider Ausbildungen verleiht ihm ein ausgezeichnetes Polster f\u00fcr Kreativit\u00e4t. Mit seiner vielf\u00e4ltigen Erfahrung als Trainer und K\u00fcnstler ist er jeder Situation gewachsen.<\/p>\n<p>Er hat u.a. mit dem Artie Shaw Orchestra Asia Tour (1994), mit dem Houston Symphony Orchestra, Boston Pops Orchestra, San Antonio Orchestra, New Mexico Orchestra, Jacksonville Orchestra, und Boston Philharmonic Orchestra getanzt.<\/p>\n<p>Seine Spezialgebiete sind amerikanische T\u00e4nze der 1920-1950er Jahre, darunter authentischer Jazz, Swing-Jitterbug-Lindy und Stepptanz. Er hat Stepptanzimprovisation und amerikanische Tanzgeschichte f\u00fcr die BA-Tanz Programme an der Roger Williams University und Dean College unterrichtet.<\/p>\n<p>Zwischen 1993 und 2005 war er mit seiner Show \u201cRoots of American Dance, The African-European Synthesis\u201d, die er selber recherchierte und schrieb, mehr als 500 Mal in der USA und Kanada auf der B\u00fchne.<\/p>\n<p>Er ist seit 2008 in Deutschland als T\u00e4nzer, Lehrer und Darsteller t\u00e4tig, u.a. als Tanzgeschichte- Lehrer f\u00fcr die Tanzp\u00e4dagogik Ausbildung in Bielefeld und als Stepptanzimprovisation- und Body Percussion-Workshopleiter in G\u00fctersloh und Bad Oeynhausen.<\/p>\n<\/body>","protected":false},"excerpt":{"rendered":"<p>Bob e Thomas war 30 Jahre in Amerika als T\u00e4nzer und Darsteller t\u00e4tig, bevor er nach Deutschland \u00fcbersiedelte (Archiv Webseite)\u00a0 Solide Grundlagen f\u00fcr sein Wirken als K\u00fcnstler geben ihm seine Ausbildung als Musiker \/ Komponist (BMusic Theorie\/Komponieren Wittenberg Univ, USA) sowie als Schriftsteller (MFA Creative Nonfiction Writing, Goucher College, USA). Die Kombination beider Ausbildungen verleiht ihm ein ausgezeichnetes Polster f\u00fcr Kreativit\u00e4t. Mit seiner vielf\u00e4ltigen Erfahrung [&hellip;]<\/p>\n","protected":false},"author":1,"featured_media":0,"parent":0,"menu_order":0,"comment_status":"closed","ping_status":"closed","template":"","meta":{"jetpack_post_was_ever_published":false,"footnotes":""},"class_list":["post-194","page","type-page","status-publish","hentry"],"yoast_head":"<!-- This site is optimized with the Yoast SEO plugin v26.5 - https:\/\/yoast.com\/wordpress\/plugins\/seo\/ -->\n<title>Biografie - Bob e Thomas<\/title>\n<meta name=\"robots\" content=\"index, follow, max-snippet:-1, max-image-preview:large, max-video-preview:-1\" \/>\n<link rel=\"canonical\" href=\"https:\/\/hostme123.vip\/Bobethomas\/biografie\/\" \/>\n<meta property=\"og:locale\" content=\"en_US\" \/>\n<meta property=\"og:type\" content=\"article\" \/>\n<meta property=\"og:title\" content=\"Biografie - Bob e Thomas\" \/>\n<meta property=\"og:description\" content=\"Bob e Thomas war 30 Jahre in Amerika als T\u00e4nzer und Darsteller t\u00e4tig, bevor er nach Deutschland \u00fcbersiedelte (Archiv Webseite)\u00a0 Solide Grundlagen f\u00fcr sein Wirken als K\u00fcnstler geben ihm seine Ausbildung als Musiker \/ Komponist (BMusic Theorie\/Komponieren Wittenberg Univ, USA) sowie als Schriftsteller (MFA Creative Nonfiction Writing, Goucher College, USA). Die Kombination beider Ausbildungen verleiht ihm ein ausgezeichnetes Polster f\u00fcr Kreativit\u00e4t. Mit seiner vielf\u00e4ltigen Erfahrung [&hellip;]\" \/>\n<meta property=\"og:url\" content=\"https:\/\/hostme123.vip\/Bobethomas\/biografie\/\" \/>\n<meta property=\"og:site_name\" content=\"Bob e Thomas\" \/>\n<meta property=\"article:modified_time\" content=\"2021-01-07T09:20:36+00:00\" \/>\n<meta property=\"og:image\" content=\"https:\/\/hostme123.vip\/Bobethomas\/wp-content\/uploads\/2020\/07\/Bob-Headshot-N\u00fcrnberg-Dec2013-ADJ-IMG_1728-268x300.jpg\" \/>\n<meta name=\"twitter:card\" content=\"summary_large_image\" \/>\n<meta name=\"twitter:label1\" content=\"Est. reading time\" \/>\n\t<meta name=\"twitter:data1\" content=\"1 minute\" \/>\n<script type=\"application\/ld+json\" class=\"yoast-schema-graph\">{\"@context\":\"https:\/\/schema.org\",\"@graph\":[{\"@type\":\"WebPage\",\"@id\":\"https:\/\/hostme123.vip\/Bobethomas\/biografie\/\",\"url\":\"https:\/\/hostme123.vip\/Bobethomas\/biografie\/\",\"name\":\"Biografie - Bob e Thomas\",\"isPartOf\":{\"@id\":\"https:\/\/hostme123.vip\/Bobethomas\/#website\"},\"datePublished\":\"2016-09-19T14:51:14+00:00\",\"dateModified\":\"2021-01-07T09:20:36+00:00\",\"breadcrumb\":{\"@id\":\"https:\/\/hostme123.vip\/Bobethomas\/biografie\/#breadcrumb\"},\"inLanguage\":\"en-US\",\"potentialAction\":[{\"@type\":\"ReadAction\",\"target\":[\"https:\/\/hostme123.vip\/Bobethomas\/biografie\/\"]}]},{\"@type\":\"BreadcrumbList\",\"@id\":\"https:\/\/hostme123.vip\/Bobethomas\/biografie\/#breadcrumb\",\"itemListElement\":[{\"@type\":\"ListItem\",\"position\":1,\"name\":\"Home\",\"item\":\"https:\/\/hostme123.vip\/Bobethomas\/\"},{\"@type\":\"ListItem\",\"position\":2,\"name\":\"Biografie\"}]},{\"@type\":\"WebSite\",\"@id\":\"https:\/\/hostme123.vip\/Bobethomas\/#website\",\"url\":\"https:\/\/hostme123.vip\/Bobethomas\/\",\"name\":\"Bob e Thomas\",\"description\":\"Tap Dance, Shows, Workshops, Choreografie\",\"potentialAction\":[{\"@type\":\"SearchAction\",\"target\":{\"@type\":\"EntryPoint\",\"urlTemplate\":\"https:\/\/hostme123.vip\/Bobethomas\/?s={search_term_string}\"},\"query-input\":{\"@type\":\"PropertyValueSpecification\",\"valueRequired\":true,\"valueName\":\"search_term_string\"}}],\"inLanguage\":\"en-US\"}]}<\/script>\n<!-- \/ Yoast SEO plugin. -->","yoast_head_json":{"title":"Biografie - Bob e Thomas","robots":{"index":"index","follow":"follow","max-snippet":"max-snippet:-1","max-image-preview":"max-image-preview:large","max-video-preview":"max-video-preview:-1"},"canonical":"https:\/\/hostme123.vip\/Bobethomas\/biografie\/","og_locale":"en_US","og_type":"article","og_title":"Biografie - Bob e Thomas","og_description":"Bob e Thomas war 30 Jahre in Amerika als T\u00e4nzer und Darsteller t\u00e4tig, bevor er nach Deutschland \u00fcbersiedelte (Archiv Webseite)\u00a0 Solide Grundlagen f\u00fcr sein Wirken als K\u00fcnstler geben ihm seine Ausbildung als Musiker \/ Komponist (BMusic Theorie\/Komponieren Wittenberg Univ, USA) sowie als Schriftsteller (MFA Creative Nonfiction Writing, Goucher College, USA). Die Kombination beider Ausbildungen verleiht ihm ein ausgezeichnetes Polster f\u00fcr Kreativit\u00e4t. Mit seiner vielf\u00e4ltigen Erfahrung [&hellip;]","og_url":"https:\/\/hostme123.vip\/Bobethomas\/biografie\/","og_site_name":"Bob e Thomas","article_modified_time":"2021-01-07T09:20:36+00:00","og_image":[{"url":"https:\/\/hostme123.vip\/Bobethomas\/wp-content\/uploads\/2020\/07\/Bob-Headshot-N\u00fcrnberg-Dec2013-ADJ-IMG_1728-268x300.jpg","type":"","width":"","height":""}],"twitter_card":"summary_large_image","twitter_misc":{"Est. reading time":"1 minute"},"schema":{"@context":"https:\/\/schema.org","@graph":[{"@type":"WebPage","@id":"https:\/\/hostme123.vip\/Bobethomas\/biografie\/","url":"https:\/\/hostme123.vip\/Bobethomas\/biografie\/","name":"Biografie - Bob e Thomas","isPartOf":{"@id":"https:\/\/hostme123.vip\/Bobethomas\/#website"},"datePublished":"2016-09-19T14:51:14+00:00","dateModified":"2021-01-07T09:20:36+00:00","breadcrumb":{"@id":"https:\/\/hostme123.vip\/Bobethomas\/biografie\/#breadcrumb"},"inLanguage":"en-US","potentialAction":[{"@type":"ReadAction","target":["https:\/\/hostme123.vip\/Bobethomas\/biografie\/"]}]},{"@type":"BreadcrumbList","@id":"https:\/\/hostme123.vip\/Bobethomas\/biografie\/#breadcrumb","itemListElement":[{"@type":"ListItem","position":1,"name":"Home","item":"https:\/\/hostme123.vip\/Bobethomas\/"},{"@type":"ListItem","position":2,"name":"Biografie"}]},{"@type":"WebSite","@id":"https:\/\/hostme123.vip\/Bobethomas\/#website","url":"https:\/\/hostme123.vip\/Bobethomas\/","name":"Bob e Thomas","description":"Tap Dance, Shows, Workshops, Choreografie","potentialAction":[{"@type":"SearchAction","target":{"@type":"EntryPoint","urlTemplate":"https:\/\/hostme123.vip\/Bobethomas\/?s={search_term_string}"},"query-input":{"@type":"PropertyValueSpecification","valueRequired":true,"valueName":"search_term_string"}}],"inLanguage":"en-US"}]}},"jetpack_sharing_enabled":true,"jetpack_shortlink":"https:\/\/wp.me\/PcaV4r-38","_links":{"self":[{"href":"https:\/\/hostme123.vip\/Bobethomas\/wp-json\/wp\/v2\/pages\/194","targetHints":{"allow":["GET"]}}],"collection":[{"href":"https:\/\/hostme123.vip\/Bobethomas\/wp-json\/wp\/v2\/pages"}],"about":[{"href":"https:\/\/hostme123.vip\/Bobethomas\/wp-json\/wp\/v2\/types\/page"}],"author":[{"embeddable":true,"href":"https:\/\/hostme123.vip\/Bobethomas\/wp-json\/wp\/v2\/users\/1"}],"replies":[{"embeddable":true,"href":"https:\/\/hostme123.vip\/Bobethomas\/wp-json\/wp\/v2\/comments?post=194"}],"version-history":[{"count":13,"href":"https:\/\/hostme123.vip\/Bobethomas\/wp-json\/wp\/v2\/pages\/194\/revisions"}],"predecessor-version":[{"id":693,"href":"https:\/\/hostme123.vip\/Bobethomas\/wp-json\/wp\/v2\/pages\/194\/revisions\/693"}],"wp:attachment":[{"href":"https:\/\/hostme123.vip\/Bobethomas\/wp-json\/wp\/v2\/media?parent=194"}],"curies":[{"name":"wp","href":"https:\/\/api.w.org\/{rel}","templated":true}]}}